 + 5*q + 1 = -1, -5*r = -k*q - 32. List the prime factors of r.
7
Suppose 0 = 3*x - 3*i - 9, -5*x + 4*i + 18 = 1. Suppose 0 = -2*f - n + 3, -f + x*n + 29 = 0. What are the prime factors of f?
2
Let w(g) = g. Let d(j) = j + 6. Let f be d(-4). Let r be w(f). Suppose 2*z + 4*h = 0, -r*z + 2*h + 10 = h. List the prime factors of z.
2
Let g(n) = n**2 - 2*n - 3. Let l be g(6). Suppose 5*z + 57 = 3*m, m - 2*z - l = -2. List the prime factors of m.
19
Let g = -4 + 6. Let u(r) = -g*r + 0*r + 2 + 0*r - 3*r**2 + 2*r**3 + 2*r**2. List the prime factors of u(2).
2, 5
Suppose 7*g - 6*g - 59 = 0. What are the prime factors of g?
59
Let d be (1 - -1) + -2 + 40. Suppose 4*j = 4*g - d, -3*j - 8 = j. List the prime factors of g.
2
Suppose -2*q + 8*y = 4*y - 412, 5*q + 4*y - 1002 = 0. List the prime factors of q.
2, 101
Suppose -70 = -3*w - 0*w + 4*f, 4*w + 4*f = 140. What are the prime factors of w?
2, 3, 5
Let u(h) = -5*h**3 - h**2 + 1. Let v be u(1). Let x = v - -10. What are the prime factors of x?
5
Let p(w) = -w**3 - 2*w**2 - 2. Let h be p(-2). What are the prime factors of -1 - (h + 2) - -22?
3, 7
Suppose 2*a - 170 + 4 = 0. List the prime factors of a.
83
Let z = 48 + -8. Let d = z - -10. What are the prime factors of d?
2, 5
Let c be 5/(-10) - 22/(-4). Let n = c - -7. List the prime factors of n.
2, 3
Let q(s) = 4*s + 24. List the prime factors of q(4).
2, 5
Suppose -3 - 3 = -t. Suppose -2*c = -0*c - t. Suppose 2 = k + 4*l, -14 = -3*k - c*l - l. What are the prime factors of k?
2, 3
Let m(o) = o**2 - 9*o + 10. Let t be m(8). Suppose -2*n + 4*n = 0. Suppose -2*s - 3 = -l, 2*l + s - t*s - 18 = n. List the prime factors of l.
11
Let b be (-51)/(-12) - (-2)/(-8). Suppose 0*u - 3*u - b*q = -18, 0 = u + 3*q - 1. List the prime factors of u.
2, 5
List the prime factors of 265 - (5 + -4 - 1)*-1.
5, 53
Suppose -4*d - 64 = -368. What are the prime factors of d?
2, 19
Suppose -3*j + 2*j + 19 = 5*f, -4*f + 4*j = -20. What are the prime factors of f/(-2) - (-23 + -11)?
2
Let q(s) = -6*s - 15. Let i(h) = h**2 - 8*h + 6. Let k be i(6). What are the prime factors of q(k)?
3, 7
Let x be ((-126)/(-8))/((-3)/(-12)). Let o = x - 45. Suppose 0 = -0*i - 3*i + o. What are the prime factors of i?
2, 3
Let q(j) = -19*j - 1. List the prime factors of q(-1).
2, 3
Let q = 3 + 71. What are the prime factors of q?
2, 37
Let i(p) = p**3 + 7*p**2 - 3*p - 9. Let a be i(-6). List the prime factors of 104/6*a/30.
2, 13
Suppose -2 = -2*j + j. Let u(c) = -c**2 + 8*c - 6. Let z(g) = g**2 - 7*g + 5. Let n(v) = -2*u(v) - 3*z(v). What are the prime factors of n(j)?
3
Suppose -13*f = -15*f + 224. List the prime factors of f.
2, 7
Let t = -6 + 10. What are the prime factors of 40/6*6/t?
2, 5
Let l = 166 - 113. List the prime factors of l.
53
Let y(l) be the first derivative of 5*l**2/2 + 3*l + 5. What are the prime factors of y(2)?
13
Suppose -6*o - h = -o - 265, 67 = o + 3*h. Suppose o = 5*n - 8. What are the prime factors of n?
2, 3
Let j = -4 + 6. Suppose -j - 10 = -2*a. List the prime factors of a.
2, 3
Let q(m) = -m - 1. Let j be q(-4). Suppose -t + 1 = -j. Suppose 9*i - 15 = t*i. List the prime factors of i.
3
Let t = -88 - -153. What are the prime factors of t?
5, 13
Let j = -9 + 3. Suppose 0*i = 5*i - 95. Let a = j + i. What are the prime factors of a?
13
Let o(m) = m**3 - 2*m**2 + 3*m - 1. Let l be o(2). Suppose -7 - 8 = l*c. Let p = c + 9. What are the prime factors of p?
2, 3
Let a(l) be the first derivative of -l**3/3 + 7*l**2/2 + 8. What are the prime factors of a(5)?
2, 5
Let l = 27 - 22. Suppose 2*m + 2 = -2*h - 2, h + l*m + 22 = 0. What are the prime factors of h?
3
Let s = 23 + -2. List the prime factors of s.
3, 7
Let h = 2 + 1. Suppose 2*a + 2 + 4 = v, -3*v - h*a = -54. List the prime factors of v.
2, 7
Let x be 6/4*(-7 - -5) - -8. Suppose -j + 0*j + 3 = 0. Suppose 4 = 4*i - 5*v, x*v - 4 = j*i - 2. What are the prime factors of i?
2, 3
Suppose 2*n - 450 = -3*n. Suppose 3*v - 8*v = -n. List the prime factors of v.
2, 3
Let y = 111 - -48. What are the prime factors of y?
3, 53
Let s = -5 + 2. Let g be -1*s/6*2. What are the prime factors of (-5 - 2)*(-2 + g)?
7
Suppose 8 = -d + 19. Let s = d - -8. What are the prime factors of s?
19
Suppose 0*r = 5*r - p + 16, -4*r = -5*p + 17. Let f be (r - -3)/(1 - 2). Suppose -3*q = -8*q + 2*w + 64, f = -2*q - 5*w + 14. List the prime factors of q.
2, 3
Let t = -12 - -4. Let d be t + 0/(-1) - 0. Let g(v) = -v - 3. List the prime factors of g(d).
5
Let v be (-14)/6 + 2/6. Let f be 13*v*3/(-2). Suppose -3*y + 7*y - 5*a - f = 0, 3*a + 65 = 5*y. What are the prime factors of y?
2
Suppose 0 = -3*d + 3. Let r = 6 - d. Suppose 2*v - r*v + 18 = 0. What are the prime factors of v?
2, 3
Let g(u) = u**3 + 7*u**2 - u + 1. Let f be g(-3). Let w = f - 24. List the prime factors of w.
2
Let i be 24/108 + 1598/18. Let n = i - 63. What are the prime factors of n?
2, 13
Let w be (-12)/(-4)*(5 - -1). Suppose k = -0*k + w. Suppose -k = -3*s + 3. What are the prime factors of s?
7
Let r = -11 - -19. Suppose i - 4*v - 11 = 0, -r = -0*v - 2*v. What are the prime factors of i?
3
Let l = -339 - -222. Let d = -74 - l. What are the prime factors of d?
43
Let t(l) = l**3 - 4*l**2 - 3*l + 8. List the prime factors of t(5).
2, 3
What are the prime factors of 17*(3 + -2) - 0?
17
List the prime factors of 2*(-12)/(-8) - -18.
3, 7
Let s be (4 - 3) + (-4 - -1). Let h be (-1)/2*s/(-1). List the prime factors of (-2 - -11) + (-3 - h).
7
Let x be (-1)/(1/(-12)) + -2. What are the prime factors of 22/x + (-2)/10?
2
Let d(t) = -t**2 - 22*t - 13. List the prime factors of d(-17).
2, 3
Suppose -83 = -2*k + 173. List the prime factors of k.
2
Let y be (1/2)/(1/10). Suppose 3*v - 18 + 1 = -4*a, -4*a + 23 = y*v. List the prime factors of ((-2)/v)/((-2)/30).
2, 5
Let j(a) be the third derivative of -a**6/120 + a**5/10 + a**4/3 + a**3/3 + 2*a**2. Let o be j(7). Suppose 0 = -3*q + 15 + o. List the prime factors of q.
2
Let l(s) = -s**3 + 2*s**2 + s + 2. Let w = -3 + 5. Suppose 2*v = 4*u - 6*u - 4, -w = 3*u + 2*v. List the prime factors of l(u).
2
Let m = 60 - 31. Suppose 3*g + s = -47, -m = 5*g + 4*s + 40. List the prime factors of g/(-2) + 1/2.
3
Let m(f) = 5*f**2 - 2*f. Let v be m(3). Suppose 0 = -5*z + 4*g - 14, 0 = -2*z - 5*g + 7 - v. Let h = z + 10. List the prime factors of h.
2
Let y be 5/2 - 9/6. Suppose 2*l = s + y, -2*s + 5 = l - 8. Suppose 3*h - 26 = -5*v, 0 = -v - s. What are the prime factors of h?
17
Let x(i) = -79*i - 25. List the prime factors of x(-5).
2, 5, 37
Let d(j) = -1 - 1 - 5*j - 10 + 7*j**2 - j**3 + 16*j. What are the prime factors of d(8)?
2, 3
Let k(z) = -16*z - 10. Let s be k(-4). Suppose s = 2*b + 22. What are the prime factors of b?
2
Let j = 6 + 0. Let h be 8/j*(-42)/(-4). Suppose 2*z + 2 + 3 = 3*y, h = 4*z + 2*y. List the prime factors of z.
2
Let b(g) = 49*g - 1. List the prime factors of b(1).
2, 3
List the prime factors of 602/4 - (-24)/16.
2, 19
Let h = -122 + 212. What are the prime factors of h?
2, 3, 5
Let q(p) = -16*p + 6. Let d(i) = 17*i - 7. Let x(a) = 5*d(a) + 6*q(a). What are the prime factors of x(-2)?
23
Suppose 2 = -2*f, 6*y + 2*f - 113 = y. What are the prime factors of 2/(-3) + y/3?
7
Suppose j - 14 = 4*j - 5*i, 5*j + 2*i = 18. Let x(r) = -4 + j*r**2 - 4 - 3*r + 6. What are the prime factors of x(3)?
7
Let a = 1 + 1. Suppose -4*w + 1 + 15 = 0. Suppose w = a*f - 12. List the prime factors of f.
2
Suppose 5*f = -3*a, -7 = -2*f + a + 4. List the prime factors of ((-1)/f)/((-3)/171).
19
List the prime factors of 130 - (1/(1/(-4)) + 4).
2, 5, 13
Let d = -7 + 10. Suppose -d*n + 1 = -8. What are the prime factors of n?
3
Let g(t) = 8*t**2 + 7*t - 1. What are the prime factors of g(5)?
2, 3, 13
Suppose -3*t - 11 = -t - 5*w, -3*t - 7 = 2*w. List the prime factors of 3/(-9) - 34/t.
11
Let r(u) = -2*u**3 + 2*u**2 + u - 4. What are the prime factors of r(-2)?
2, 3
Let h(t) = -t**2 - 10*t + 11. Suppose -r + 2*r - 6 = 0. Let l(p) = p**2 - 7*p - 4. Let m be l(r). List the prime factors of h(m).
11
Suppose -3*l + 2*o - 1 = 0, 0 = -2*l - 3*o + 21. Suppose 2*v = 3*m + 47, -5*v + 5*m = -7 - 103. Let k = v - l. What are the prime factors of k?
2
Suppose 2*l = 10, -3*o + 4*l - 14 - 6 = 0. Suppose o = j - 16 + 4. What are the prime factors of j?
2, 3
What are